{"id":6,"date":"2021-06-01T16:41:43","date_gmt":"2021-06-01T16:41:43","guid":{"rendered":"https:\/\/diccionariomlc.com\/?page_id=6"},"modified":"2025-04-02T16:00:01","modified_gmt":"2025-04-02T16:00:01","slug":"inicio","status":"publish","type":"page","link":"https:\/\/diccionariomlc.com\/","title":{"rendered":"Inicio"},"content":{"rendered":"\n<div class=\"wp-block-cover alignfull\" style=\"min-height:500px;aspect-ratio:unset;\"><span aria-hidden=\"true\" class=\"wp-block-cover__background has-background-dim\"><\/span><img loading=\"lazy\" decoding=\"async\" width=\"1203\" height=\"604\" class=\"wp-block-cover__image-background wp-image-31\" alt=\"\" src=\"https:\/\/diccionariomlc.com\/wp-content\/uploads\/2021\/06\/Banner-Inicio.jpg\" style=\"object-position:27% 39%\" data-object-fit=\"cover\" data-object-position=\"27% 39%\" srcset=\"https:\/\/diccionariomlc.com\/wp-content\/uploads\/2021\/06\/Banner-Inicio.jpg 1203w, https:\/\/diccionariomlc.com\/wp-content\/uploads\/2021\/06\/Banner-Inicio-300x151.jpg 300w, https:\/\/diccionariomlc.com\/wp-content\/uploads\/2021\/06\/Banner-Inicio-1024x514.jpg 1024w, https:\/\/diccionariomlc.com\/wp-content\/uploads\/2021\/06\/Banner-Inicio-768x386.jpg 768w\" sizes=\"auto, (max-width: 1203px) 100vw, 1203px\" \/><div class=\"wp-block-cover__inner-container is-layout-flow wp-block-cover-is-layout-flow\">\n<div style=\"height:80px\" aria-hidden=\"true\" class=\"wp-block-spacer\"><\/div>\n\n\n\n<h1 class=\"wp-block-heading has-text-align-center has-nv-site-bg-color has-text-color\" style=\"font-size:40px\">Diccionario Multiling\u00fce Lenguas Colombianas<\/h1>\n\n\n\n<div class=\"wp-block-columns is-layout-flex wp-container-core-columns-is-layout-9d6595d7 wp-block-columns-is-layout-flex\">\n<div class=\"wp-block-column is-layout-flow wp-block-column-is-layout-flow\"><\/div>\n\n\n\n<div class=\"wp-block-column is-layout-flow wp-block-column-is-layout-flow\"><\/div>\n\n\n\n<div class=\"wp-block-column is-layout-flow wp-block-column-is-layout-flow\"><\/div>\n<\/div>\n<\/div><\/div>\n\n\n\n<div style=\"height:50px\" aria-hidden=\"true\" class=\"wp-block-spacer\"><\/div>\n\n\n\n<p class=\"has-text-align-center\">Elija la comunidad o lengua que desea consultar<\/p>\n\n\n\n<div class=\"wp-block-buttons is-horizontal is-content-justification-center is-layout-flex wp-container-core-buttons-is-layout-499968f5 wp-block-buttons-is-layout-flex\">\n<div class=\"wp-block-button is-style-primary\"><a class=\"wp-block-button__link wp-element-button\" href=\"https:\/\/diccionariomlc.com\/index.php\/acerca-de\/\">Chimila (ette taara)<\/a><\/div>\n\n\n\n<div class=\"wp-block-button is-style-secondary\"><a class=\"wp-block-button__link wp-element-button\" href=\"https:\/\/diccionariomlc.com\/index.php\/comunidad-wayuu\/\">wayuu (wayuunaiki)<\/a><\/div>\n\n\n\n<div class=\"wp-block-button is-style-primary\"><a class=\"wp-block-button__link wp-element-button\" href=\"https:\/\/diccionariomlc.com\/index.php\/comunidad-motilona\/\">u\u00b4wa <\/a><\/div>\n\n\n\n<div class=\"wp-block-button is-style-primary\"><a class=\"wp-block-button__link has-nv-site-bg-color has-neve-link-color-background-color has-text-color has-background has-link-color wp-element-button\" href=\"https:\/\/diccionariomlc.com\/index.php\/comunidad-yuhup\/\">Yuhup<\/a><\/div>\n\n\n\n<div class=\"wp-block-button is-style-primary\"><a class=\"wp-block-button__link has-neve-link-color-color has-neve-link-hover-color-background-color has-text-color has-background has-link-color wp-element-button\" href=\"https:\/\/diccionariomlc.com\/index.php\/comunidad-bari\/\">Bari<\/a><\/div>\n\n\n\n<div class=\"wp-block-button is-style-primary\"><a class=\"wp-block-button__link has-nv-site-bg-color has-neve-link-color-background-color has-text-color has-background has-link-color wp-element-button\" href=\"https:\/\/diccionariomlc.com\/index.php\/comunidad-yuhup-2\/\">Sikuani<\/a><\/div>\n<\/div>\n\n\n\n<div style=\"height:50px\" aria-hidden=\"true\" class=\"wp-block-spacer\"><\/div>\n\n\n\n<p class=\"has-text-align-center has-neve-text-color-color has-text-color has-medium-font-size\"><strong>PLANES DICCIONARIO<\/strong><\/p>\n\n\n\n<div class=\"wp-block-columns is-layout-flex wp-container-core-columns-is-layout-9d6595d7 wp-block-columns-is-layout-flex\">\n<div class=\"wp-block-column is-layout-flow wp-block-column-is-layout-flow\">\n<figure class=\"wp-block-gallery has-nested-images columns-default is-cropped wp-block-gallery-1 is-layout-flex wp-block-gallery-is-layout-flex\">\n<figure class=\"wp-block-image size-full\"><a href=\"https:\/\/diccionariomlc.com\/index.php\/registro\/\"><img loading=\"lazy\" decoding=\"async\" width=\"306\" height=\"458\" data-id=\"38079\" src=\"https:\/\/diccionariomlc.com\/wp-content\/uploads\/2023\/03\/P1-v1.jpg\" alt=\"\" class=\"wp-image-38079\" srcset=\"https:\/\/diccionariomlc.com\/wp-content\/uploads\/2023\/03\/P1-v1.jpg 306w, https:\/\/diccionariomlc.com\/wp-content\/uploads\/2023\/03\/P1-v1-200x300.jpg 200w\" sizes=\"auto, (max-width: 306px) 100vw, 306px\" \/><\/a><\/figure>\n<\/figure>\n<\/div>\n\n\n\n<div class=\"wp-block-column is-layout-flow wp-block-column-is-layout-flow\"><div class=\"wp-block-image\">\n<figure class=\"aligncenter size-full\"><a href=\"https:\/\/diccionariomlc.com\/index.php\/pagar-plan-basico\/\"><img loading=\"lazy\" decoding=\"async\" width=\"306\" height=\"477\" src=\"https:\/\/diccionariomlc.com\/wp-content\/uploads\/2023\/03\/P2-v3.jpg\" alt=\"\" class=\"wp-image-38074\" srcset=\"https:\/\/diccionariomlc.com\/wp-content\/uploads\/2023\/03\/P2-v3.jpg 306w, https:\/\/diccionariomlc.com\/wp-content\/uploads\/2023\/03\/P2-v3-192x300.jpg 192w\" sizes=\"auto, (max-width: 306px) 100vw, 306px\" \/><\/a><\/figure>\n<\/div><\/div>\n\n\n\n<div class=\"wp-block-column is-layout-flow wp-block-column-is-layout-flow\">\n<figure class=\"wp-block-image size-full\"><a href=\"https:\/\/diccionariomlc.com\/index.php\/pagar-plan-standard\/\"><img loading=\"lazy\" decoding=\"async\" width=\"364\" height=\"552\" src=\"https:\/\/diccionariomlc.com\/wp-content\/uploads\/2023\/03\/P3-v3.jpg\" alt=\"\" class=\"wp-image-38075\" srcset=\"https:\/\/diccionariomlc.com\/wp-content\/uploads\/2023\/03\/P3-v3.jpg 364w, https:\/\/diccionariomlc.com\/wp-content\/uploads\/2023\/03\/P3-v3-198x300.jpg 198w\" sizes=\"auto, (max-width: 364px) 100vw, 364px\" \/><\/a><\/figure>\n<\/div>\n\n\n\n<div class=\"wp-block-column is-layout-flow wp-block-column-is-layout-flow\">\n<figure class=\"wp-block-image size-full\"><a href=\"https:\/\/diccionariomlc.com\/index.php\/pagar-plan-profesional\/\"><img loading=\"lazy\" decoding=\"async\" width=\"364\" height=\"556\" src=\"https:\/\/diccionariomlc.com\/wp-content\/uploads\/2023\/03\/P4-v3.jpg\" alt=\"\" class=\"wp-image-38076\" srcset=\"https:\/\/diccionariomlc.com\/wp-content\/uploads\/2023\/03\/P4-v3.jpg 364w, https:\/\/diccionariomlc.com\/wp-content\/uploads\/2023\/03\/P4-v3-196x300.jpg 196w\" sizes=\"auto, (max-width: 364px) 100vw, 364px\" \/><\/a><\/figure>\n<\/div>\n\n\n\n<div class=\"wp-block-column is-layout-flow wp-block-column-is-layout-flow\">\n<figure class=\"wp-block-image size-full\"><a href=\"https:\/\/diccionariomlc.com\/index.php\/pagar-plan-premium\/\"><img loading=\"lazy\" decoding=\"async\" width=\"306\" height=\"458\" src=\"https:\/\/diccionariomlc.com\/wp-content\/uploads\/2023\/03\/P5-v3.jpg\" alt=\"\" class=\"wp-image-38077\" srcset=\"https:\/\/diccionariomlc.com\/wp-content\/uploads\/2023\/03\/P5-v3.jpg 306w, https:\/\/diccionariomlc.com\/wp-content\/uploads\/2023\/03\/P5-v3-200x300.jpg 200w\" sizes=\"auto, (max-width: 306px) 100vw, 306px\" \/><\/a><\/figure>\n<\/div>\n<\/div>\n\n\n\n<div style=\"height:50px\" aria-hidden=\"true\" class=\"wp-block-spacer\"><\/div>\n\n\n\n<div class=\"wp-block-buttons is-layout-flex wp-block-buttons-is-layout-flex\">\n<div class=\"wp-block-button has-custom-font-size aligncenter is-style-primary has-medium-font-size\"><a class=\"wp-block-button__link has-nv-site-bg-color has-nv-c-1-background-color has-text-color has-background wp-element-button\" href=\"https:\/\/diccionariomlc.com\/index.php\/donaciones\/\" style=\"border-radius:16px\">DONACIONES AQU\u00cd<\/a><\/div>\n<\/div>\n\n\n\n<div style=\"height:50px\" aria-hidden=\"true\" class=\"wp-block-spacer\"><\/div>\n\n\n\n<div class=\"wp-block-columns animated bounceInUp is-layout-flex wp-container-core-columns-is-layout-9d6595d7 wp-block-columns-is-layout-flex\">\n<div class=\"wp-block-column is-layout-flow wp-block-column-is-layout-flow\">\n<div class=\"wp-block-buttons is-horizontal is-content-justification-center is-layout-flex wp-container-core-buttons-is-layout-499968f5 wp-block-buttons-is-layout-flex\"><\/div>\n<\/div>\n\n\n\n<div class=\"wp-block-column is-layout-flow wp-block-column-is-layout-flow\"><div class=\"wp-block-image\">\n<figure class=\"aligncenter size-large\"><img loading=\"lazy\" decoding=\"async\" width=\"1024\" height=\"576\" src=\"https:\/\/diccionariomlc.com\/wp-content\/uploads\/2023\/03\/bancolombia_y_nequi_logos-1024x576.jpg\" alt=\"\" class=\"wp-image-36412\" srcset=\"https:\/\/diccionariomlc.com\/wp-content\/uploads\/2023\/03\/bancolombia_y_nequi_logos-1024x576.jpg 1024w, https:\/\/diccionariomlc.com\/wp-content\/uploads\/2023\/03\/bancolombia_y_nequi_logos-300x169.jpg 300w, https:\/\/diccionariomlc.com\/wp-content\/uploads\/2023\/03\/bancolombia_y_nequi_logos-768x432.jpg 768w, https:\/\/diccionariomlc.com\/wp-content\/uploads\/2023\/03\/bancolombia_y_nequi_logos-1536x864.jpg 1536w, https:\/\/diccionariomlc.com\/wp-content\/uploads\/2023\/03\/bancolombia_y_nequi_logos.jpg 1920w\" sizes=\"auto, (max-width: 1024px) 100vw, 1024px\" \/><figcaption class=\"wp-element-caption\"><strong>Podr\u00e1s pagar tus suscripciones por Nequi al siguiente n\u00famero 3006663587<\/strong>. <strong>Enviar el comprobante al celular o al correo: comercial@uniciso.com<\/strong><\/figcaption><\/figure>\n<\/div>\n\n\n<div class=\"wp-block-buttons is-horizontal is-content-justification-center is-layout-flex wp-container-core-buttons-is-layout-499968f5 wp-block-buttons-is-layout-flex\"><\/div>\n<\/div>\n\n\n\n<div class=\"wp-block-column is-layout-flow wp-block-column-is-layout-flow\"><div class=\"wp-block-image\">\n<figure class=\"aligncenter size-large\"><a href=\"https:\/\/portaluniciso.com\/info\/BANCOLOMBIA.pdf\"><img loading=\"lazy\" decoding=\"async\" width=\"1024\" height=\"614\" src=\"https:\/\/diccionariomlc.com\/wp-content\/uploads\/2023\/03\/bancolombia-logo-png-transparente-1024x614.png\" alt=\"\" class=\"wp-image-36415\" srcset=\"https:\/\/diccionariomlc.com\/wp-content\/uploads\/2023\/03\/bancolombia-logo-png-transparente-1024x614.png 1024w, https:\/\/diccionariomlc.com\/wp-content\/uploads\/2023\/03\/bancolombia-logo-png-transparente-300x180.png 300w, https:\/\/diccionariomlc.com\/wp-content\/uploads\/2023\/03\/bancolombia-logo-png-transparente-768x461.png 768w, https:\/\/diccionariomlc.com\/wp-content\/uploads\/2023\/03\/bancolombia-logo-png-transparente-1536x922.png 1536w, https:\/\/diccionariomlc.com\/wp-content\/uploads\/2023\/03\/bancolombia-logo-png-transparente.png 2000w\" sizes=\"auto, (max-width: 1024px) 100vw, 1024px\" \/><\/a><figcaption class=\"wp-element-caption\"><strong>Podr\u00e1s consignar por la cuenta de Bancolombia<\/strong>. <strong>Dale clic a la imagen para mirar los datos. <\/strong> <strong>Enviar el comprobante al correo: comercial@uniciso.com<\/strong><\/figcaption><\/figure>\n<\/div>\n\n\n<div class=\"wp-block-buttons is-horizontal is-content-justification-center is-layout-flex wp-container-core-buttons-is-layout-499968f5 wp-block-buttons-is-layout-flex\"><\/div>\n<\/div>\n\n\n\n<div class=\"wp-block-column is-layout-flow wp-block-column-is-layout-flow\">\n<div class=\"wp-block-buttons is-horizontal is-content-justification-center is-layout-flex wp-container-core-buttons-is-layout-499968f5 wp-block-buttons-is-layout-flex\"><\/div>\n<\/div>\n<\/div>\n\n\n\n<div class=\"wp-block-columns animated bounceInUp is-layout-flex wp-container-core-columns-is-layout-9d6595d7 wp-block-columns-is-layout-flex\">\n<div class=\"wp-block-column is-layout-flow wp-block-column-is-layout-flow\">\n<div class=\"wp-block-buttons is-horizontal is-content-justification-center is-layout-flex wp-container-core-buttons-is-layout-499968f5 wp-block-buttons-is-layout-flex\"><\/div>\n<\/div>\n\n\n\n<div class=\"wp-block-column is-layout-flow wp-block-column-is-layout-flow\">\n<div class=\"wp-block-buttons is-horizontal is-content-justification-center is-layout-flex wp-container-core-buttons-is-layout-499968f5 wp-block-buttons-is-layout-flex\"><\/div>\n\n\n\n<figure class=\"wp-block-image size-full\"><a href=\"https:\/\/www.portaluniciso.com\/\" target=\"_blank\" rel=\"noreferrer noopener\"><img loading=\"lazy\" decoding=\"async\" width=\"850\" height=\"283\" src=\"https:\/\/diccionariomlc.com\/wp-content\/uploads\/2023\/03\/LOGO.png\" alt=\"\" class=\"wp-image-37848\" srcset=\"https:\/\/diccionariomlc.com\/wp-content\/uploads\/2023\/03\/LOGO.png 850w, https:\/\/diccionariomlc.com\/wp-content\/uploads\/2023\/03\/LOGO-300x100.png 300w, https:\/\/diccionariomlc.com\/wp-content\/uploads\/2023\/03\/LOGO-768x256.png 768w\" sizes=\"auto, (max-width: 850px) 100vw, 850px\" \/><\/a><\/figure>\n\n\n\n<p class=\"has-text-align-center\"><strong><a href=\"https:\/\/www.portaluniciso.com\/\">NO OLVIDES VISITARNOS EN EL PORTAL. HALLAR\u00c1S HERRAMIENTAS PARA MEJORAR TUS TRABAJOS DE INVESTIGACI\u00d3N.<\/a><\/strong><\/p>\n<\/div>\n\n\n\n<div class=\"wp-block-column is-layout-flow wp-block-column-is-layout-flow\">\n<div class=\"wp-block-buttons is-horizontal is-content-justification-center is-layout-flex wp-container-core-buttons-is-layout-499968f5 wp-block-buttons-is-layout-flex\"><\/div>\n<\/div>\n<\/div>\n\n\n\n<div style=\"height:42px\" aria-hidden=\"true\" class=\"wp-block-spacer\"><\/div>\n\n\n\n<div style=\"height:50px\" aria-hidden=\"true\" class=\"wp-block-spacer\"><\/div>\n\n\n\n<div class=\"wp-block-cover alignfull\" style=\"min-height:377px;aspect-ratio:unset;\"><span aria-hidden=\"true\" class=\"wp-block-cover__background has-nv-light-bg-background-color has-background-dim-100 has-background-dim\"><\/span><div class=\"wp-block-cover__inner-container is-layout-flow wp-block-cover-is-layout-flow\">\n<p class=\"has-text-align-center has-neve-link-color-color has-text-color\">Con el apoyo de:<\/p>\n\n\n\n<div class=\"wp-block-group\"><div class=\"wp-block-group__inner-container is-layout-flow wp-block-group-is-layout-flow\"><div class=\"wp-block-image\">\n<figure class=\"aligncenter size-large is-resized\"><img loading=\"lazy\" decoding=\"async\" width=\"1024\" height=\"221\" src=\"https:\/\/diccionariomlc.com\/wp-content\/uploads\/2021\/06\/Logos-apoyo-1024x221.jpg\" alt=\"Logos apoyo\" class=\"wp-image-60\" style=\"width:768px;height:166px\" srcset=\"https:\/\/diccionariomlc.com\/wp-content\/uploads\/2021\/06\/Logos-apoyo-1024x221.jpg 1024w, https:\/\/diccionariomlc.com\/wp-content\/uploads\/2021\/06\/Logos-apoyo-300x65.jpg 300w, https:\/\/diccionariomlc.com\/wp-content\/uploads\/2021\/06\/Logos-apoyo-768x166.jpg 768w, https:\/\/diccionariomlc.com\/wp-content\/uploads\/2021\/06\/Logos-apoyo.jpg 1170w\" sizes=\"auto, (max-width: 1024px) 100vw, 1024px\" \/><\/figure>\n<\/div>\n\n<div class=\"wp-block-image\">\n<figure class=\"aligncenter size-large is-resized\"><img loading=\"lazy\" decoding=\"async\" width=\"1024\" height=\"205\" src=\"https:\/\/diccionariomlc.com\/wp-content\/uploads\/2022\/04\/9_logo_mincultura_gobierno-1-1024x205.png\" alt=\"\" class=\"wp-image-17124\" style=\"width:383px;height:74px\" srcset=\"https:\/\/diccionariomlc.com\/wp-content\/uploads\/2022\/04\/9_logo_mincultura_gobierno-1-1024x205.png 1024w, https:\/\/diccionariomlc.com\/wp-content\/uploads\/2022\/04\/9_logo_mincultura_gobierno-1-300x60.png 300w, https:\/\/diccionariomlc.com\/wp-content\/uploads\/2022\/04\/9_logo_mincultura_gobierno-1-768x154.png 768w, https:\/\/diccionariomlc.com\/wp-content\/uploads\/2022\/04\/9_logo_mincultura_gobierno-1.png 1501w\" sizes=\"auto, (max-width: 1024px) 100vw, 1024px\" \/><\/figure>\n<\/div><\/div><\/div>\n\n\n\n<p><\/p>\n<\/div><\/div>\n\n\n\n<div class=\"wp-block-columns has-neve-link-color-color has-nv-site-bg-background-color has-text-color has-background is-layout-flex wp-container-core-columns-is-layout-9d6595d7 wp-block-columns-is-layout-flex\">\n<div class=\"wp-block-column is-layout-flow wp-block-column-is-layout-flow\" style=\"flex-basis:100px\"><\/div>\n\n\n\n<div class=\"wp-block-column is-layout-flow wp-block-column-is-layout-flow\">\n<div style=\"height:40px\" aria-hidden=\"true\" class=\"wp-block-spacer\"><\/div>\n\n\n<div class=\"wp-block-coblocks-social wp-block-coblocks-social-profiles is-style-icon-and-text has-text-align-center has-colors has-button-size-med\"><ul><li><a href=\"https:\/\/www.facebook.com\/universocienciassociales\/\" title=\"Facebook\" class=\"wp-block-button__link wp-block-coblocks-social__button wp-block-coblocks-social__button--facebook has-padding\" style=\"border-radius:40px\"><span class=\"wp-block-coblocks-social__icon\"><\/span><span class=\"wp-block-coblocks-social__text\">Facebook<\/span><\/a><\/li><li><a href=\"https:\/\/twitter.com\/uniciso_?s=20\" title=\"Twitter\" class=\"wp-block-button__link wp-block-coblocks-social__button wp-block-coblocks-social__button--twitter has-padding\" style=\"border-radius:40px\"><span class=\"wp-block-coblocks-social__icon\"><\/span><span class=\"wp-block-coblocks-social__text\">Twitter<\/span><\/a><\/li><li><a href=\"https:\/\/www.instagram.com\/uniciso_\/\" title=\"Instagram\" class=\"wp-block-button__link wp-block-coblocks-social__button wp-block-coblocks-social__button--instagram has-padding\" style=\"border-radius:40px\"><span class=\"wp-block-coblocks-social__icon\"><\/span><span class=\"wp-block-coblocks-social__text\">Instagram<\/span><\/a><\/li><li><a href=\"https:\/\/www.pinterest.es\/uniciso\/\" title=\"Pinterest\" class=\"wp-block-button__link wp-block-coblocks-social__button wp-block-coblocks-social__button--pinterest has-padding\" style=\"border-radius:40px\"><span class=\"wp-block-coblocks-social__icon\"><\/span><span class=\"wp-block-coblocks-social__text\">Pinterest<\/span><\/a><\/li><li><a href=\"https:\/\/www.youtube.com\/channel\/UC-Ujs_ZtlSFMhWP7Qt11vUQ?view_as=subscriber\" title=\"YouTube\" class=\"wp-block-button__link wp-block-coblocks-social__button wp-block-coblocks-social__button--youtube has-padding\" style=\"border-radius:40px\"><span class=\"wp-block-coblocks-social__icon\"><\/span><span class=\"wp-block-coblocks-social__text\">YouTube<\/span><\/a><\/li><\/ul><\/div><\/div>\n\n\n\n<div class=\"wp-block-column is-layout-flow wp-block-column-is-layout-flow\" style=\"flex-basis:100px\"><\/div>\n<\/div>\n\n\n\n<div class=\"wp-block-cover\" style=\"min-height:220px;aspect-ratio:unset;\"><span aria-hidden=\"true\" class=\"wp-block-cover__background has-nv-dark-bg-background-color has-background-dim-100 has-background-dim\"><\/span><div class=\"wp-block-cover__inner-container is-layout-flow wp-block-cover-is-layout-flow\">\n<div class=\"wp-block-columns is-layout-flex wp-container-core-columns-is-layout-9d6595d7 wp-block-columns-is-layout-flex\">\n<div class=\"wp-block-column is-layout-flow wp-block-column-is-layout-flow\" style=\"flex-basis:5%\"><\/div>\n\n\n\n<div class=\"wp-block-column is-layout-flow wp-block-column-is-layout-flow\">\n<div style=\"height:20px\" aria-hidden=\"true\" class=\"wp-block-spacer\"><\/div>\n\n\n\n<p class=\"justificar has-white-color has-text-color has-custom-weight has-custom-lineheight has-custom-letterspacing\" style=\"line-height:1.23;letter-spacing:0.9px;font-weight:bold;font-size:12px\">\u00bfPREGUNTAS? LLAMA AL 3006663587 O ENVIANOS UN CORREO AL COMERCIAL@UNICISO.COM<\/p>\n\n\n\n<p class=\"justificar has-white-color has-text-color has-custom-lineheight\" style=\"line-height:1.2;font-size:9px\">\u00a9 &#8211; Derechos Reservados: El Sitio Web Universo Ciencias Sociales, (UNICISO) (https:\/\/portaluniciso.com\/diccionario), su dise\u00f1o, los contenidos de todo tipo, bases de datos, repositorios, interfaces, Look and Feel, herramientas, apps, Software y dem\u00e1s materiales se encuentran protegido por las normas internacionales y nacionales vigentes sobre propiedad Intelectual, por lo tanto su utilizaci\u00f3n, reproducci\u00f3n, comunicaci\u00f3n p\u00fablica, transformaci\u00f3n, distribuci\u00f3n, alquiler, pr\u00e9stamo p\u00fablico e importaci\u00f3n, total o parcial, en todo o en parte, en formato impreso, digital y en general por cualquier medio conocido o por conocer en el estado de la t\u00e9cnica, se encuentran prohibidos, y solo ser\u00e1n l\u00edcitos en la medida en que se cuente con la autorizaci\u00f3n previa y expresa por escrito de UNICISO. Las limitaciones y excepciones al Derecho de Autor solo ser\u00e1n aplicables en la medida en que se den dentro de los denominados Usos Honrados (Fair use); es decir siempre y cuando est\u00e9n previa y expresamente establecidas en disposici\u00f3n legal; no causen un grave e injustificado perjuicio a los intereses leg\u00edtimos del autor o titular; y no atenten contra la normal explotaci\u00f3n de la obra. En todo caso, cualquier uso, remisi\u00f3n o utilizaci\u00f3n mediante v\u00ednculos o links a los contenidos del Sitio Web de UNICISO, deber\u00e1n darse los cr\u00e9ditos respectivos, y respetarse la normativa vigente y aplicable sobre Derechos Morales.<\/p>\n\n\n\n<p class=\"has-text-align-center has-nv-site-bg-color has-text-color\" style=\"font-size:12px\"><a rel=\"noreferrer noopener\" href=\"https:\/\/www.portaluniciso.com\/Terminosdiccionario.pdf\" target=\"_blank\">T\u00c9RMINOS Y CONDICIONES<\/a><\/p>\n<\/div>\n\n\n\n<div class=\"wp-block-column is-layout-flow wp-block-column-is-layout-flow\" style=\"flex-basis:5%\"><\/div>\n<\/div>\n\n\n\n<p><\/p>\n<\/div><\/div>\n","protected":false},"excerpt":{"rendered":"<p>Elija la comunidad o lengua que desea consultar PLANES DICCIONARIO NO OLVIDES VISITARNOS EN EL PORTAL. HALLAR\u00c1S HERRAMIENTAS PARA MEJORAR TUS TRABAJOS DE INVESTIGACI\u00d3N.<\/p>\n","protected":false},"author":1,"featured_media":0,"parent":0,"menu_order":0,"comment_status":"closed","ping_status":"closed","template":"","meta":{"_coblocks_attr":"","_coblocks_dimensions":"","_coblocks_responsive_height":"","_coblocks_accordion_ie_support":"","_uag_custom_page_level_css":"","neve_meta_sidebar":"","neve_meta_container":"","neve_meta_enable_content_width":"on","neve_meta_content_width":100,"neve_meta_title_alignment":"","neve_meta_author_avatar":"","neve_post_elements_order":"","neve_meta_disable_header":"","neve_meta_disable_footer":"","neve_meta_disable_title":"on","footnotes":""},"class_list":["post-6","page","type-page","status-publish","hentry"],"uagb_featured_image_src":{"full":false,"thumbnail":false,"medium":false,"medium_large":false,"large":false,"1536x1536":false,"2048x2048":false,"neve-blog":false},"uagb_author_info":{"display_name":"Administrador","author_link":"https:\/\/diccionariomlc.com\/index.php\/author\/administrador\/"},"uagb_comment_info":0,"uagb_excerpt":"Elija la comunidad o lengua que desea consultar PLANES DICCIONARIO NO OLVIDES VISITARNOS EN EL PORTAL. HALLAR\u00c1S HERRAMIENTAS PARA MEJORAR TUS TRABAJOS DE INVESTIGACI\u00d3N.","_links":{"self":[{"href":"https:\/\/diccionariomlc.com\/index.php\/wp-json\/wp\/v2\/pages\/6","targetHints":{"allow":["GET"]}}],"collection":[{"href":"https:\/\/diccionariomlc.com\/index.php\/wp-json\/wp\/v2\/pages"}],"about":[{"href":"https:\/\/diccionariomlc.com\/index.php\/wp-json\/wp\/v2\/types\/page"}],"author":[{"embeddable":true,"href":"https:\/\/diccionariomlc.com\/index.php\/wp-json\/wp\/v2\/users\/1"}],"replies":[{"embeddable":true,"href":"https:\/\/diccionariomlc.com\/index.php\/wp-json\/wp\/v2\/comments?post=6"}],"version-history":[{"count":104,"href":"https:\/\/diccionariomlc.com\/index.php\/wp-json\/wp\/v2\/pages\/6\/revisions"}],"predecessor-version":[{"id":73749,"href":"https:\/\/diccionariomlc.com\/index.php\/wp-json\/wp\/v2\/pages\/6\/revisions\/73749"}],"wp:attachment":[{"href":"https:\/\/diccionariomlc.com\/index.php\/wp-json\/wp\/v2\/media?parent=6"}],"curies":[{"name":"wp","href":"https:\/\/api.w.org\/{rel}","templated":true}]}}